number?
True
Is 12767 a prime number?
False
Is 308351 a prime number?
False
Is 424249 a prime number?
False
Is 8263 composite?
False
Is 23047 a prime number?
False
Is 93007 prime?
False
Is 587 a prime number?
True
Is 59069 composite?
False
Is 59523 a prime number?
False
Is 6371 a composite number?
True
Is 517817 a prime number?
True
Is 2291 prime?
False
Is 181423 prime?
False
Is 1613171 composite?
True
Is 7177 a prime number?
True
Is 639185 prime?
False
Is 38531 prime?
False
Is 34117 a prime number?
False
Is 667477 composite?
False
Is 11729 a prime number?
False
Is 66083 a prime number?
True
Is 119953 prime?
True
Is 8605 prime?
False
Is 301123 a prime number?
True
Is 7319 prime?
False
Is 82301 a prime number?
True
Is 166541 a composite number?
False
Is 438017 a composite number?
False
Is 1843869 prime?
False
Is 11113 composite?
False
Is 27611 prime?
True
Is 887 prime?
True
Is 3103483 a composite number?
False
Is 624881 composite?
True
Is 771221 prime?
False
Is 10123 composite?
True
Is 362983 a composite number?
False
Is 42821 composite?
False
Is 391159 composite?
False
Is 23717 a prime number?
False
Is 3593643 a composite number?
True
Is 1150301 composite?
False
Is 484927 a composite number?
False
Is 1781 a composite number?
True
Is 109207 a prime number?
False
Is 528527 a composite number?
False
Is 2833 a prime number?
True
Is 44951 composite?
True
Is 3207 a prime number?
False
Is 67307 composite?
False
Is 9467 a composite number?
False
Is 2015267 prime?
True
Is 127549 composite?
False
Is 2126 a prime number?
False
Is 581221 a composite number?
True
Is 1258967 prime?
True
Is 12743 composite?
False
Is 2153 composite?
False
Is 60035 a composite number?
True
Is 2343301 a prime number?
False
Is 291871 composite?
True
Is 979 a prime number?
False
Is 202298 composite?
True
Is 49409 a prime number?
True
Is 5897 composite?
False
Is 72139 prime?
True
Is 40079 prime?
False
Is 31971 a composite number?
True
Is 9071 composite?
True
Is 14699 a composite number?
False
Is 161281 a prime number?
True
Is 45665 prime?
False
Is 413 prime?
False
Is 1753 prime?
True
Is 17039 a prime number?
False
Is 784981 a prime number?
True
Is 55987 a prime number?
True
Is 562 prime?
False
Is 155887 prime?
True
Is 65891 a prime number?
False
Is 27035 composite?
True
Is 471 a composite number?
True
Is 987473 prime?
True
Is 1070681 composite?
False
Is 43031 a prime number?
False
Is 57697 a prime number?
True
Is 49447 a composite number?
True
Is 69213 a composite number?
True
Is 133979 prime?
True
Is 7297 prime?
True
Is 766861 composite?
False
Is 7319 a composite number?
True
Is 279283 a prime number?
False
Is 734021 composite?
False
Is 21011 a prime number?
True
Is 1873765 a composite number?
True
Is 60217 prime?
True
Is 464939 prime?
True
Is 7981 a prime number?
False
Is 48073 composite?
False
Is 6899 prime?
True
Is 19673 composite?
True
Is 440303 composite?
False
Is 11519 a composite number?
False
Is 162002 a prime number?
False
Is 1367921 prime?
True
Is 740099 prime?
True
Is 803587 prime?
True
Is 42519 a prime number?
False
Is 200227 composite?
False
Is 3262117 a prime number?
False
Is 1573987 a prime number?
False
Is 329 a composite number?
True
Is 140333 a prime number?
True
Is 151261 a composite number?
True
Is 121591 prime?
True
Is 8339 a composite number?
True
Is 21517 prime?
True
Is 30829 a prime number?
True
Is 47737 prime?
True
Is 21481 a composite number?
False
Is 141649 a composite number?
False
Is 507289 a composite number?
False
Is 7717 prime?
True
Is 1604501 a composite number?
False
Is 78779 prime?
True
Is 65753 a composite number?
True
Is 59105 a composite number?
True
Is 20269 prime?
True
Is 18413 a prime number?
True
Is 4104341 a prime number?
False
Is 8458493 prime?
True
Is 13063 a prime number?
True
Is 422317 prime?
False
Is 840293 composite?
True
Is 320455 a composite number?
True
Is 84839 composite?
True
Is 1232237 a prime number?
False
Is 823847 prime?
False
Is 203059 composite?
True
Is 59987 a composite number?
True
Is 11993 a composite number?
True
Is 5029 a prime number?
False
Is 113417 composite?
False
Is 1226677 composite?
False
Is 435055 a prime number?
False
Is 4327 a prime number?
True
Is 15013 a prime number?
True
Is 107369 a prime number?
False
Is 164111 composite?
True
Is 321362 a composite number?
True
Is 1069 composite?
False
Is 8657 prime?
False
Is 121379 composite?
False
Is 158489 a prime number?
True
Is 637481 a prime number?
False
Is 977 a prime number?
True
Is 19121 prime?
True
Is 5667241 composite?
False
Is 314 prime?
False
Is 178207 a composite number?
False
Is 13843 a composite number?
True
Is 326309 a prime number?
True
Is 3251 prime?
True
Is 395593 a prime number?
False
Is 487769 prime?
True
Is 356639 composite?
True
Is 15661 prime?
True
Is 2552027 a composite number?
False
Is 87821 a prime number?
False
Is 220751 a prime number?
False
Is 218623 composite?
False
Is 7621 prime?
True
Is 23399 prime?
True
Is 3877 a prime number?
True
Is 946223 a prime number?
True
Is 38939 a composite number?
True
Is 2174 prime?
False
Is 85939 composite?
True
Is 9941 prime?
True
Is 31099 composite?
True
Is 8459 prime?
False
Is 22897 a prime number?
False
Is 6609 prime?
False
Is 13751 a composite number?
False
Is 102701 a prime number?
True
Is 194423 a composite number?
True
Is 29009 a prime number?
True
Is 2866 prime?
False
Is 54083 a composite number?
False
Is 409807 prime?
False
Is 3989 a composite number?
False
Is 2459 composite?
False
Is 450011 prime?
True
Is 21133 composite?
True
Is 1080766 prime?
False
Is 4269 prime?
False
Is 2971 composite?
False
Is 770417 prime?
True
Is 173347 a composite number?
False
Is 271067 composite?
False
Is 10315 composite?
True
Is 271001 a composite number?
True
Is 65639 composite?
True
Is 501851 prime?
False
Is 110659 a prime number?
False
Is 3809 a prime number?
False
Is 23227 a composite number?
False
Is 3055135 composite?
True
Is 379 prime?
True
Is 35627 prime?
False
Is 13682 a composite number?
True
Is 10937 prime?
True
Is 587957 a prime number?
False
Is 4049 a composite number?
False
Is 121587 a composite number?
True
Is 37703 prime?
False
Is 16787 composite?
False
Is 6347 a prime number?
False
Is 60073 composite?
True
Is 67 a composite number?
False
Is 15537 a composite number?
True
Is 164179 a prime number?
False
Is 13641 a composite number?
True
Is 23209 a prime number?
True
Is 192859 a composite number?
False
Is 52709 a prime number?
True
Is 364423 a prime number?
True
Is 8882 composite?
True
Is 204173 composite?
False
Is 90595 a prime number?
False
Is 3659 composite?
False
Is 190415 prime?
False
Is 97021 a composite number?
False
Is 407 a prime number?
False
Is 4055 prime?
False
Is 398801 a composite number?
True
Is 35097 prime?
False
Is 2090809 prime?
False
Is 4861 composite?
False
Is 278437 a composite number?
False
Is 4834 a composite number?
True
Is 25087 composite?
False
Is 556367 composite?
True
Is 18098 a prime number?
False
Is 232207 prime?
True
Is 463247 prime?
True
Is 119549 a prime number?
True
Is 19563 composite?
True
Is 17371 prime?
False
Is 6547 a prime number?
True
Is 31015 a composite number?
True
Is 145349 a prime number?
True
Is 7393 a composite number?
False
Is 54599 a prime number?
False
Is 9977 composite?
True
Is 992081 a composite number?
True
Is 5531 a composite number?
False
Is 3327 composite?
True
Is 56647 a composite number?
True
Is 10405 a prime number?
False
Is 20473 a composite number?
True
Is 830729 prime?
True
Is 429959 a composite number?
True
Is 408749 a composite number?
True
Is 39027 composite?
True
Is 12517 a prime number?
True
Is 36617 a composite number?
True
Is 17657 composite?
False
Is 389 a prime number?
True
Is 2491 a prime number?
False
Is 5153515 a prime number?
False
Is 32479 prime?
True
Is 1637 a composite number?
False
Is 46747 composite?
False
Is 270931 composite?
False
Is 109159 a composite number?
False
Is 59579 a composite number?
True
Is 25031 composite?
False
Is 526207 a prime number?
False
Is 74071 a prime number?
True
Is 241555 prime?
False
Is 21367 composite?
True
Is 66167 composite?
True
Is 3646 composite?
True
Is 509365 a composite number?
True
Is 5755 a prime number?
False
Is 63913 composite?
False
Is 37717 prime?
True
Is 2503 prime?
True
Is 23